-57424 - -85432. What is the tens digit of b?
0
Let c(u) = 10*u**2 - 11*u**2 + u**3 - 7 - 50 - 6*u - 13*u**2. What is the tens digit of c(15)?
7
Let p be (3 - (1 - -3))/(0 - 1). Let k be (-7)/(p*1/(-6)). Suppose -k = 12*b - 13*b. What is the tens digit of b?
4
Let r = 3834 + -2838. What is the tens digit of r?
9
Let i(n) = 4*n**2 + 46*n - 88*n + 4 + 41*n - n**3. Let d be i(4). What is the tens digit of (-716)/(-4) - d/1?
7
Let i = 1254 + -1859. Let x = i + 1324. What is the units digit of x?
9
Let p = -152 + -125. Let a = p - -104. Let o = a + 345. What is the tens digit of o?
7
Let j(h) = 1361*h**2 - 15*h - 17. What is the units digit of j(-2)?
7
Let f = 5482 + 2628. What is the units digit of f?
0
Let b(v) = -63*v - 28. Let g be b(-5). What is the units digit of 54*g/2*(-9)/(-63)?
7
Suppose -243*x + 238*x + 130680 = 5*i, 0 = 4*i + 20. What is the units digit of x?
1
Suppose -g - 3 = -4*m - m, -g = 4*m - 6. Suppose r - o + 3271 = 4*r, -r + g*o = -1081. What is the units digit of r?
9
Let f(a) = -2*a**3 - 12*a**2 + 36*a - 4. Suppose -165 = -9*p + 24*p. What is the hundreds digit of f(p)?
8
Suppose 3*h - 2*h = -10*h + 344872. What is the units digit of h?
2
Let x(g) = -g**3 + 6*g**2 - 6*g + 2. Let m be x(5). Let j(v) = 153*v**2 - 17. What is the units digit of j(m)?
0
Let v(t) = 2*t**3 - 17*t**2 + 9*t - 8. Let x be v(8). Suppose x = 13*l - 7*l. Suppose 6*c - 2*c - 216 = l. What is the units digit of c?
4
Suppose -2544 = 4*o + 3*l - 25496, -5*o + 28721 = -4*l. What is the hundreds digit of o?
7
Suppose 0 = 4*z + 4*h - 25112, 4*z - 3081 = 5*h + 22067. What is the hundreds digit of z?
2
Suppose 1005*k = 1013*k - 84760. What is the hundreds digit of k?
5
Let j be 16/(10 + -6) - (-141725)/5. Suppose 16*a = -8029 + j. What is the thousands digit of a?
1
Let f(t) = 3*t - 6. Let k be f(6). Let o = k - 10. What is the units digit of (1/3)/(-1 + o)*453?
1
Suppose -4*n + 4*o + 16 = 0, -3*n = -o - 0*o - 16. Suppose -32*j = -34*j + n. Let p(m) = 5*m**3 - 4*m**2 + 8*m - 4. What is the hundreds digit of p(j)?
1
Suppose -86*x - 11*x + 1800960 = 15*x. What is the thousands digit of x?
6
Suppose -i - 434 = -5*i + h, 206 = 2*i + 5*h. Suppose 5*x - i = 102. What is the tens digit of x?
4
Suppose 2008 = 4*d - 5496. Suppose 14*w + d = 28*w. What is the units digit of w?
4
Suppose 0 = 5*w - 3*w - 4. Let d be (-2)/3*219/w. Let a = 269 + d. What is the units digit of a?
6
Let y be (-10)/(-3)*((-2457)/(-18))/7. Let q = 32 - y. Let k = -13 - q. What is the tens digit of k?
2
Suppose -l = 1, 3*l + 3473 = 24*z - 19*z. What is the hundreds digit of z?
6
Let b be 0 + -3 + (-3 - -250). Let c = 62 + b. Suppose -a + o = -4*a + 190, 5*a - o = c. What is the units digit of a?
2
Let f(z) be the third derivative of 0*z - 2/3*z**3 - 1/6*z**4 + 0 - 3*z**2. What is the tens digit of f(-4)?
1
Let b(t) = -t**3 - 8*t**2 - 42*t - 134. What is the units digit of b(-35)?
1
Let a(m) = -m**2 - 21*m + 13. Let g = 19 + -18. Let x be (13 + -1)*(-3 + g + 1). What is the units digit of a(x)?
1
Let r(l) = -26*l**2 - 62*l + 431*l**3 + 431*l**3 - 861*l**3 - 57. What is the hundreds digit of r(29)?
6
Let k(p) = 1146*p**2 + 596*p - 2407. What is the units digit of k(4)?
3
Let y(o) = -2*o**3 - 8*o**2 - 3*o - 4. Let i be y(6). Let t be (1 + 0)/((-14)/i). Suppose -3*h = -t - 1. What is the tens digit of h?
1
Let m(b) = -706*b - 2782. What is the hundreds digit of m(-7)?
1
Suppose 10*m + 137*m - 3264576 = -77*m. What is the tens digit of m?
7
Let h(n) = -2 - n**3 - 2*n**3 + 8 + 0*n**3 - 5. What is the units digit of h(-2)?
5
What is the tens digit of 2*3/7*555422/291?
3
Let c(z) = -92*z**2 + 33*z + 94. Let u(n) = 188*n**2 - 67*n - 189. Let h(v) = -5*c(v) - 2*u(v). What is the tens digit of h(-3)?
5
Suppose x + 42 = -74. Let j = 252 + x. Let n = j + 60. What is the tens digit of n?
9
Let n = -239 + 543. Let u = n - -102. Suppose -3*w - j = -235, -5*j + 1 = -5*w + u. What is the tens digit of w?
7
Let b(s) = -s**2 - 5*s + 18. Let t be b(-10). Let f = -36 - t. What is the units digit of (-114)/f*(3 + 4/(-12))?
6
Suppose 0 = 21*v + 970 - 16594. Suppose -2*l + w + 1665 = 0, -4*l = -w - v - 2585. What is the hundreds digit of l?
8
Let o(t) = 7*t + 69. Let w be o(-10). What is the hundreds digit of (w/3)/(81/(-113967))?
4
Let s = -21178 - -36310. What is the tens digit of s?
3
Suppose 5*c - 7102 = 4*m + 813, -5*c + 2*m + 7925 = 0. What is the units digit of (-92)/(-3)*c/92?
9
Let c(q) be the first derivative of 2*q**3/3 - 11*q**2/2 - 17*q - 5. Let d be (-20)/(-16)*7 + 1/4. What is the tens digit of c(d)?
4
Let a(c) = 4*c + 4. Let s be a(3). Let h be (24/s)/(1/(-2)). What is the tens digit of ((9*14)/h)/((-4)/10)?
0
Let c(b) = 14101*b**3 - 21*b**2 + 19*b + 1. What is the tens digit of c(1)?
0
Let m(y) = 19*y**3 - 4*y**2 + y + 2. Let o = 200 + -197. What is the hundreds digit of m(o)?
4
Let a(p) = 9*p - 52. Let r be a(6). Let k(f) = 2*f**2 - f - 1. Let x be k(r). Suppose 7*z - x*z = 248. What is the hundreds digit of z?
1
Let h(b) = 13*b**2 + 11*b + 18. Let g be h(-2). Suppose -d + g + 337 = 0. What is the units digit of d?
5
Suppose -80 = -3*b - 4*j, 0 = -2*b - 3*b + j + 95. Let q be 3 + 0*(-4)/b. Suppose z = -q, -3*i + 8*i - 97 = -z. What is the units digit of i?
0
Let k = 170335 + -119306. What is the units digit of k?
9
Let d = 88506 + -47421. What is the tens digit of d?
8
Let x = 555 - 184. Suppose m - x = -6*m. What is the tens digit of m?
5
Suppose -2*s - 32 = -4*j, 0 = -2*s - 3*j - 30 - 37. Suppose -542 = 12*q - 302. Let c = q - s. What is the units digit of c?
6
Suppose 6*n - 18*j = 2*n + 20138, 2*n - 10027 = -5*j. What is the units digit of n?
1
Let f(i) be the first derivative of -i**4/4 - 14*i**3/3 + 27*i**2/2 - 21*i + 19. What is the hundreds digit of f(-17)?
3
Let x = -650 + 299. Let z = x - -467. What is the units digit of z?
6
Let p = 45 + -42. Suppose -6*q - 3 = -3. Suppose -p*d + 489 = -q*d. What is the units digit of d?
3
Let q = 1059 + -151. Let v = q - 278. What is the units digit of v?
0
Suppose 2*q - 4*q = -26771 + 8895. What is the tens digit of q?
3
Suppose 4*k = 2*j + 8, -5*j + 2*k - 28 = -0*j. Let l(b) = -191*b + 24. Let y be l(j). What is the units digit of 1/(-3)*y/(-10)?
9
Suppose -6*h + 19 = 79. What is the tens digit of (-1682)/h + (-12)/10?
6
Suppose 2*v - v - 4*v + 132216 = 0. What is the tens digit of v?
7
Suppose -104 = -5*l - z, -3*l - 4*z + 55 + 21 = 0. Suppose -6*h + 3*h = 5*d - 12, -5*h - 4*d + l = 0. Suppose h*f - 2*f = 48. What is the tens digit of f?
2
Let l be 11/6 - (-2 + 66/36). Let m be (26/(-22) - l/(-11))*-221. Suppose 4*w = 131 + m. What is the units digit of w?
8
Let g = -39018 - -41055. What is the hundreds digit of g?
0
Suppose -i = 4*c - 39868, -143 = -3*c - 167. What is the tens digit of i?
0
Suppose 605 - 193 = -2*i. Let o = 350 + i. What is the tens digit of o?
4
Let b be 14/4 + 28/(-56). Suppose -3*l + b*i - i = -398, -4*i = -l + 146. What is the units digit of l?
0
Let i(g) = 18*g - 78 + 138 - 89. What is the units digit of i(28)?
5
Let b = -86 - -220. Suppose -4*d = -5*w + 1289, w + 4*d + b = 411. Suppose 0 = -6*q + 495 + w. What is the hundreds digit of q?
1
Suppose 0 = -4*m + 5*k + 126848, -31729 = -29*m + 28*m - 3*k. What is the thousands digit of m?
1
Let o = 427 - -409. Suppose -o = -4*u - 4*i, -4*u - 3*i - 9 + 840 = 0. What is the units digit of u?
4
Suppose 452*d - 447*d - 36377 = -a, 3*d - 21843 = 5*a. What is the hundreds digit of d?
2
Let c = -24 + 26. Suppose c*z + 4 = 3*q, 3*q - 4*q = z + 12. Let j = 19 - z. What is the units digit of j?
7
Let w be (-320)/(-180) - 2/(-9). Suppose -w*z + 209 + 437 = -2*q, 5*z = 3*q + 1623. Suppose z - 120 = 3*u. What is the tens digit of u?
6
Suppose 13*p = -23 - 16. Let s be (-7*p/(-6))/((-1)/10). Suppose 14*w = 9*w + s. What is the units digit of w?
7
Let y(u) = 11*u**3 + 2*u**2 - u + 2. Let g be y(-2). Let x be g/(-18) - (-4)/(-18). Suppose -x*l + 186 = -2*l. What is the tens digit of l?
9
Suppose 56402 + 74199 = 5*g - 4*c, -3*g + 78387 = 2*c. What is the units digit of g?
5
Let p = 1350 - 1931. Let q = 413 - p. What is the tens digit of q?
9
Suppose -151*c + 24*c + 12644195 = 78*c. What is the units digit of c?
9
Let h be (-11941 + (-1 - (-8)/(-4)))*-2. What is the thousands digit of (-276)/84 - -3 - h